{"id":5002,"date":"2024-03-26T15:00:55","date_gmt":"2024-03-26T14:00:55","guid":{"rendered":"https:\/\/www.soundtherm.ch\/referenzen\/massnahmenzentrum-kalchrain-klostergebaeude-huetwilen\/"},"modified":"2024-03-26T15:00:55","modified_gmt":"2024-03-26T14:00:55","slug":"massnahmenzentrum-kalchrain-klostergebaeude-huetwilen","status":"publish","type":"referenzen","link":"https:\/\/www.soundtherm.ch\/en\/referenzen\/massnahmenzentrum-kalchrain-klostergebaeude-huetwilen\/","title":{"rendered":"Massnahmenzentrum Kalchrain, Klostergeb\u00e4ude, H\u00fctwilen"},"content":{"rendered":"\n \n\n\n\n\n<section id=\"res-link-anker-block_12ace5e4cd21f0dddce742c972a0e59d\" class=\"linkanker-section\">\n<div  class=\"res-block res-link-anker style-standard py-2 Transparent \" style=\"background: transparent;\">\n  <div class=\"inner-container container-off\" data-aos=\"res-fadeIn\">\n\t\n\t\t<hr  >\n\t\t\n\t  \n\n\t<\/div>\n  <\/div>\n<\/section>\n\n\n<div class=\"wp-block-columns is-layout-flex wp-container-core-columns-is-layout-1 wp-block-columns-is-layout-flex\">\n<div class=\"wp-block-column is-layout-flow wp-block-column-is-layout-flow\" style=\"flex-basis:40%\">\n\n\n<section id=\"res-txt-block_9d38d189306214a51deccfcb3de9bf40\" class=\"res-block res-txt style-standard layout01 py-2 Transparent\" style=\"background: transparent;\">\n  <div class=\"inner-container container-off \" data-aos=\"res-fadeIn\">\n \n\t\t  \n\t\t \t  \n      \n      <div class=\"layout-1 txt-section\">\n\t\t<div class=\"row\">\t\n\t\t\t\n\t\t\n\t\t\t<div class=\"col-md-12 var-1spalten text-left\">\n\t\t\t\t\n\t\t\t\t<div class=\"txt-title-field\">\n\t\n\t\t\t\t\t\n\t\t\n\t\t\t\t\n\t\t\t\t\t\n\t\t\t\t\t \n\t\t\t\t\t<\/div>\n\n\t\t\t\t\t\t\t\t\t<div class=\"txt-textfield postContent pt-md-0 \">\n                        <p>Das Massnahmenzentrum Kalchrain ist eines von drei Massnahmenzentren in der Deutschschweiz. Das Zentrum der Anlage Kalchrain bildet das historisch wertvolle Klostergeb\u00e4ude aus dem 18. Jahrhundert. Das in den 1980-er Jahren letztmals sanierte Geb\u00e4ude eignet sich aufgrund der Infrastruktur auch heute noch gut f\u00fcr den Massnahmenvollzug. Aus betrieblicher Sicht sind jedoch M\u00e4ngel hinsichtlich der Raumnutzungen und der Sicherheit vorhanden. Die Teilsanierung wird unter Betrieb durchgef\u00fchrt. Die Ausf\u00fchrung ist in Etappen ab Herbst 2024 bis ca. Anfang 2028 vorgesehen.<\/p>\n\t\t\t\t\t<\/div>\n                \n                \n\t\t\t\t\t            <\/div>\n\t\t\t\t <\/div> \t\n\t\t<\/div>\n\t \n\t  \n \n \n\t<\/div>\n<\/section>\n\n<\/div>\n\n\n\n<div class=\"wp-block-column is-layout-flow wp-block-column-is-layout-flow\">\n<section id=\"res-table-block_5175b849092c4aa427e440771a3d879c\" class=\"res-block res-table style-standard py-2 Transparent\" style=\"background: transparent;\">\n  <div class=\"inner-container container-off\" data-aos=\"res-fadeIn\">\n\n\t\t  \n\t \n\t  \n   <div class=\"layout-01 row row-cols-1 row-cols-md-2 no-gutters \">\n\n   <!--   Table Row  -->\n     \t \t  \n\t\t\t\t   <div class=\"col\">\n\t\t    <div class=\"table-spalte table-design-custom table-space-custom\">\n\t\t\t   <p>Erstellung<\/p>\n\t\t\t<\/div> \n\t\t  <\/div>\n\t\t\t\n\t  \n           \t  \n\t\t\t\t   <div class=\"col\">\n\t\t    <div class=\"table-spalte table-design-custom table-space-custom\">\n\t\t\t   <p>2024 &#8211; 2028<\/p>\n\t\t\t<\/div> \n\t\t  <\/div>\n\t\t\t\n\t  \n           \t  \n\t\t\t\t   <div class=\"col\">\n\t\t    <div class=\"table-spalte table-design-custom table-space-custom\">\n\t\t\t   <p>Ort<\/p>\n\t\t\t<\/div> \n\t\t  <\/div>\n\t\t\t\n\t  \n           \t  \n\t\t\t\t   <div class=\"col\">\n\t\t    <div class=\"table-spalte table-design-custom table-space-custom\">\n\t\t\t   <p>CH-8536 H\u00fcttwilen (TG)<\/p>\n\t\t\t<\/div> \n\t\t  <\/div>\n\t\t\t\n\t  \n           \t  \n\t\t\t\t   <div class=\"col\">\n\t\t    <div class=\"table-spalte table-design-custom table-space-custom\">\n\t\t\t   <p>Fachgebiete<\/p>\n\t\t\t<\/div> \n\t\t  <\/div>\n\t\t\t\n\t  \n           \t  \n\t\t\t\t   <div class=\"col\">\n\t\t    <div class=\"table-spalte table-design-custom table-space-custom\">\n\t\t\t   <p>Energetische Sanierung, Schallschutz, Raumakustik, SNBS<\/p>\n\t\t\t<\/div> \n\t\t  <\/div>\n\t\t\t\n\t  \n           \t  \n\t\t\t\t   <div class=\"col\">\n\t\t    <div class=\"table-spalte table-design-custom table-space-custom\">\n\t\t\t   <p>Architekt<\/p>\n\t\t\t<\/div> \n\t\t  <\/div>\n\t\t\t\n\t  \n           \t  \n\t\t\t\t   <div class=\"col\">\n\t\t    <div class=\"table-spalte table-design-custom table-space-custom\">\n\t\t\t   <p><a href=\"https:\/\/www.bde.ch\/\" target=\"_blank\" rel=\"noopener\">BDE Architekten BSA SIA<\/a>, Winterthur<\/p>\n\t\t\t<\/div> \n\t\t  <\/div>\n\t\t\t\n\t  \n                \t  <\/div> \n\n\t\n\t  \n\t<\/div>\n<\/section>\n\n<\/div>\n<\/div>\n\n\n\n<figure class=\"wp-block-gallery has-nested-images columns-default is-cropped wp-block-gallery-1 is-layout-flex wp-block-gallery-is-layout-flex\">\n<figure class=\"wp-block-image size-full\"><a href=\"https:\/\/www.soundtherm.ch\/wp-content\/uploads\/2024\/03\/Fassade-03-scaled.jpg\"><img loading=\"lazy\" decoding=\"async\" width=\"2560\" height=\"1920\" data-id=\"4338\" src=\"https:\/\/www.soundtherm.ch\/wp-content\/uploads\/2024\/03\/Fassade-03-scaled.jpg\" alt=\"\" class=\"wp-image-4338\" srcset=\"https:\/\/www.soundtherm.ch\/wp-content\/uploads\/2024\/03\/Fassade-03-scaled.jpg 2560w, https:\/\/www.soundtherm.ch\/wp-content\/uploads\/2024\/03\/Fassade-03-600x450.jpg 600w, https:\/\/www.soundtherm.ch\/wp-content\/uploads\/2024\/03\/Fassade-03-1300x975.jpg 1300w, https:\/\/www.soundtherm.ch\/wp-content\/uploads\/2024\/03\/Fassade-03-768x576.jpg 768w, https:\/\/www.soundtherm.ch\/wp-content\/uploads\/2024\/03\/Fassade-03-1536x1152.jpg 1536w, https:\/\/www.soundtherm.ch\/wp-content\/uploads\/2024\/03\/Fassade-03-2048x1536.jpg 2048w, https:\/\/www.soundtherm.ch\/wp-content\/uploads\/2024\/03\/Fassade-03-1000x750.jpg 1000w\" sizes=\"(max-width: 2560px) 100vw, 2560px\" \/><\/a><\/figure>\n\n\n\n<figure class=\"wp-block-image size-full\"><a href=\"https:\/\/www.soundtherm.ch\/wp-content\/uploads\/2024\/03\/Fassade-02-scaled.jpg\"><img loading=\"lazy\" decoding=\"async\" width=\"2560\" height=\"1810\" data-id=\"4337\" src=\"https:\/\/www.soundtherm.ch\/wp-content\/uploads\/2024\/03\/Fassade-02-scaled.jpg\" alt=\"\" class=\"wp-image-4337\" srcset=\"https:\/\/www.soundtherm.ch\/wp-content\/uploads\/2024\/03\/Fassade-02-scaled.jpg 2560w, https:\/\/www.soundtherm.ch\/wp-content\/uploads\/2024\/03\/Fassade-02-600x424.jpg 600w, https:\/\/www.soundtherm.ch\/wp-content\/uploads\/2024\/03\/Fassade-02-1300x919.jpg 1300w, https:\/\/www.soundtherm.ch\/wp-content\/uploads\/2024\/03\/Fassade-02-768x543.jpg 768w, https:\/\/www.soundtherm.ch\/wp-content\/uploads\/2024\/03\/Fassade-02-1536x1086.jpg 1536w, https:\/\/www.soundtherm.ch\/wp-content\/uploads\/2024\/03\/Fassade-02-2048x1448.jpg 2048w\" sizes=\"(max-width: 2560px) 100vw, 2560px\" \/><\/a><\/figure>\n\n\n\n<figure class=\"wp-block-image size-full\"><a href=\"https:\/\/www.soundtherm.ch\/wp-content\/uploads\/2024\/03\/Fassade-01-scaled.jpg\"><img loading=\"lazy\" decoding=\"async\" width=\"1920\" height=\"2560\" data-id=\"4336\" src=\"https:\/\/www.soundtherm.ch\/wp-content\/uploads\/2024\/03\/Fassade-01-scaled.jpg\" alt=\"\" class=\"wp-image-4336\" srcset=\"https:\/\/www.soundtherm.ch\/wp-content\/uploads\/2024\/03\/Fassade-01-scaled.jpg 1920w, https:\/\/www.soundtherm.ch\/wp-content\/uploads\/2024\/03\/Fassade-01-450x600.jpg 450w, https:\/\/www.soundtherm.ch\/wp-content\/uploads\/2024\/03\/Fassade-01-975x1300.jpg 975w, https:\/\/www.soundtherm.ch\/wp-content\/uploads\/2024\/03\/Fassade-01-768x1024.jpg 768w, https:\/\/www.soundtherm.ch\/wp-content\/uploads\/2024\/03\/Fassade-01-1152x1536.jpg 1152w, https:\/\/www.soundtherm.ch\/wp-content\/uploads\/2024\/03\/Fassade-01-1536x2048.jpg 1536w, https:\/\/www.soundtherm.ch\/wp-content\/uploads\/2024\/03\/Fassade-01-750x1000.jpg 750w\" sizes=\"(max-width: 1920px) 100vw, 1920px\" \/><\/a><\/figure>\n<\/figure>\n","protected":false},"excerpt":{"rendered":"","protected":false},"featured_media":4895,"template":"","Kategorie":[11],"class_list":["post-5002","referenzen","type-referenzen","status-publish","has-post-thumbnail","hentry","Kategorie-heime-und-jugendherbergen"],"acf":[],"_links":{"self":[{"href":"https:\/\/www.soundtherm.ch\/en\/wp-json\/wp\/v2\/referenzen\/5002"}],"collection":[{"href":"https:\/\/www.soundtherm.ch\/en\/wp-json\/wp\/v2\/referenzen"}],"about":[{"href":"https:\/\/www.soundtherm.ch\/en\/wp-json\/wp\/v2\/types\/referenzen"}],"wp:featuredmedia":[{"embeddable":true,"href":"https:\/\/www.soundtherm.ch\/en\/wp-json\/wp\/v2\/media\/4895"}],"wp:attachment":[{"href":"https:\/\/www.soundtherm.ch\/en\/wp-json\/wp\/v2\/media?parent=5002"}],"wp:term":[{"taxonomy":"Kategorie","embeddable":true,"href":"https:\/\/www.soundtherm.ch\/en\/wp-json\/wp\/v2\/Kategorie?post=5002"}],"curies":[{"name":"wp","href":"https:\/\/api.w.org\/{rel}","templated":true}]}}

Massnahmenzentrum Kalchrain, Klostergebäude, Hütwilen

<section id="res-link-anker-block_12ace5e4cd21f0dddce742c972a0e59d" class="linkanker-section">
<div  class="res-block res-link-anker style-standard py-2 Transparent " style="background: transparent;">
  <div class="inner-container container-off" data-aos="res-fadeIn">
	
		<hr  >
		
	  

	</div>
  </div>
</section>


<div class="wp-block-columns is-layout-flex wp-container-core-columns-is-layout-1 wp-block-columns-is-layout-flex">
<div class="wp-block-column is-layout-flow wp-block-column-is-layout-flow" style="flex-basis:40%">


<section id="res-txt-block_9d38d189306214a51deccfcb3de9bf40" class="res-block res-txt style-standard layout01 py-2 Transparent" style="background: transparent;">
  <div class="inner-container container-off " data-aos="res-fadeIn">
 
		  
		 	  
      
      <div class="layout-1 txt-section">
		<div class="row">	
			
		
			<div class="col-md-12 var-1spalten text-left">
				
				<div class="txt-title-field">
	
					
		
				
					
					 
					</div>

									<div class="txt-textfield postContent pt-md-0 ">
                        <p>Das Massnahmenzentrum Kalchrain ist eines von drei Massnahmenzentren in der Deutschschweiz. Das Zentrum der Anlage Kalchrain bildet das historisch wertvolle Klostergebäude aus dem 18. Jahrhundert. Das in den 1980-er Jahren letztmals sanierte Gebäude eignet sich aufgrund der Infrastruktur auch heute noch gut für den Massnahmenvollzug. Aus betrieblicher Sicht sind jedoch Mängel hinsichtlich der Raumnutzungen und der Sicherheit vorhanden. Die Teilsanierung wird unter Betrieb durchgeführt. Die Ausführung ist in Etappen ab Herbst 2024 bis ca. Anfang 2028 vorgesehen.</p>
					</div>
                
                
					            </div>
				 </div> 	
		</div>
	 
	  
 
 
	</div>
</section>

</div>



<div class="wp-block-column is-layout-flow wp-block-column-is-layout-flow">
<section id="res-table-block_5175b849092c4aa427e440771a3d879c" class="res-block res-table style-standard py-2 Transparent" style="background: transparent;">
  <div class="inner-container container-off" data-aos="res-fadeIn">

		  
	 
	  
   <div class="layout-01 row row-cols-1 row-cols-md-2 no-gutters ">

   <!--   Table Row  -->
     	 	  
				   <div class="col">
		    <div class="table-spalte table-design-custom table-space-custom">
			   <p>Erstellung</p>
			</div> 
		  </div>
			
	  
           	  
				   <div class="col">
		    <div class="table-spalte table-design-custom table-space-custom">
			   <p>2024 &#8211; 2028</p>
			</div> 
		  </div>
			
	  
           	  
				   <div class="col">
		    <div class="table-spalte table-design-custom table-space-custom">
			   <p>Ort</p>
			</div> 
		  </div>
			
	  
           	  
				   <div class="col">
		    <div class="table-spalte table-design-custom table-space-custom">
			   <p>CH-8536 Hüttwilen (TG)</p>
			</div> 
		  </div>
			
	  
           	  
				   <div class="col">
		    <div class="table-spalte table-design-custom table-space-custom">
			   <p>Fachgebiete</p>
			</div> 
		  </div>
			
	  
           	  
				   <div class="col">
		    <div class="table-spalte table-design-custom table-space-custom">
			   <p>Energetische Sanierung, Schallschutz, Raumakustik, SNBS</p>
			</div> 
		  </div>
			
	  
           	  
				   <div class="col">
		    <div class="table-spalte table-design-custom table-space-custom">
			   <p>Architekt</p>
			</div> 
		  </div>
			
	  
           	  
				   <div class="col">
		    <div class="table-spalte table-design-custom table-space-custom">
			   <p><a href="https://www.bde.ch/" target="_blank" rel="noopener">BDE Architekten BSA SIA</a>, Winterthur</p>
			</div> 
		  </div>
			
	  
                	  </div> 

	
	  
	</div>
</section>

</div>
</div>



<figure class="wp-block-gallery has-nested-images columns-default is-cropped wp-block-gallery-1 is-layout-flex wp-block-gallery-is-layout-flex">
<figure class="wp-block-image size-full"><a href="https://www.soundtherm.ch/wp-content/uploads/2024/03/Fassade-03-scaled.jpg"><img loading="lazy" decoding="async" width="2560" height="1920" data-id="4338" src="https://www.soundtherm.ch/wp-content/uploads/2024/03/Fassade-03-scaled.jpg" alt="" class="wp-image-4338" srcset="https://www.soundtherm.ch/wp-content/uploads/2024/03/Fassade-03-scaled.jpg 2560w, https://www.soundtherm.ch/wp-content/uploads/2024/03/Fassade-03-600x450.jpg 600w, https://www.soundtherm.ch/wp-content/uploads/2024/03/Fassade-03-1300x975.jpg 1300w, https://www.soundtherm.ch/wp-content/uploads/2024/03/Fassade-03-768x576.jpg 768w, https://www.soundtherm.ch/wp-content/uploads/2024/03/Fassade-03-1536x1152.jpg 1536w, https://www.soundtherm.ch/wp-content/uploads/2024/03/Fassade-03-2048x1536.jpg 2048w, https://www.soundtherm.ch/wp-content/uploads/2024/03/Fassade-03-1000x750.jpg 1000w" sizes="(max-width: 2560px) 100vw, 2560px" /></a></figure>



<figure class="wp-block-image size-full"><a href="https://www.soundtherm.ch/wp-content/uploads/2024/03/Fassade-02-scaled.jpg"><img loading="lazy" decoding="async" width="2560" height="1810" data-id="4337" src="https://www.soundtherm.ch/wp-content/uploads/2024/03/Fassade-02-scaled.jpg" alt="" class="wp-image-4337" srcset="https://www.soundtherm.ch/wp-content/uploads/2024/03/Fassade-02-scaled.jpg 2560w, https://www.soundtherm.ch/wp-content/uploads/2024/03/Fassade-02-600x424.jpg 600w, https://www.soundtherm.ch/wp-content/uploads/2024/03/Fassade-02-1300x919.jpg 1300w, https://www.soundtherm.ch/wp-content/uploads/2024/03/Fassade-02-768x543.jpg 768w, https://www.soundtherm.ch/wp-content/uploads/2024/03/Fassade-02-1536x1086.jpg 1536w, https://www.soundtherm.ch/wp-content/uploads/2024/03/Fassade-02-2048x1448.jpg 2048w" sizes="(max-width: 2560px) 100vw, 2560px" /></a></figure>



<figure class="wp-block-image size-full"><a href="https://www.soundtherm.ch/wp-content/uploads/2024/03/Fassade-01-scaled.jpg"><img loading="lazy" decoding="async" width="1920" height="2560" data-id="4336" src="https://www.soundtherm.ch/wp-content/uploads/2024/03/Fassade-01-scaled.jpg" alt="" class="wp-image-4336" srcset="https://www.soundtherm.ch/wp-content/uploads/2024/03/Fassade-01-scaled.jpg 1920w, https://www.soundtherm.ch/wp-content/uploads/2024/03/Fassade-01-450x600.jpg 450w, https://www.soundtherm.ch/wp-content/uploads/2024/03/Fassade-01-975x1300.jpg 975w, https://www.soundtherm.ch/wp-content/uploads/2024/03/Fassade-01-768x1024.jpg 768w, https://www.soundtherm.ch/wp-content/uploads/2024/03/Fassade-01-1152x1536.jpg 1152w, https://www.soundtherm.ch/wp-content/uploads/2024/03/Fassade-01-1536x2048.jpg 1536w, https://www.soundtherm.ch/wp-content/uploads/2024/03/Fassade-01-750x1000.jpg 750w" sizes="(max-width: 1920px) 100vw, 1920px" /></a></figure>
</figure>
