{"id":5091,"date":"2025-11-12T10:30:05","date_gmt":"2025-11-12T09:30:05","guid":{"rendered":"https:\/\/www.soundtherm.ch\/?post_type=referenzen&#038;p=5091"},"modified":"2025-11-12T10:30:05","modified_gmt":"2025-11-12T09:30:05","slug":"berufsbildungscampus-ostschweiz-sulgen-2","status":"publish","type":"referenzen","link":"https:\/\/www.soundtherm.ch\/en\/referenzen\/berufsbildungscampus-ostschweiz-sulgen-2\/","title":{"rendered":"Berufsbildungscampus Ostschweiz, Sulgen"},"content":{"rendered":"\n \n\n\n\n\n<section id=\"res-link-anker-block_cb20373a3691cd2b3c79190fe13fed59\" class=\"linkanker-section\">\n<div  class=\"res-block res-link-anker style-standard py-2 Transparent \" style=\"background: transparent;\">\n  <div class=\"inner-container container-off\" data-aos=\"res-fadeIn\">\n\t\n\t\t<hr  >\n\t\t\n\t  \n\n\t<\/div>\n  <\/div>\n<\/section>\n\n\n<div class=\"wp-block-columns is-layout-flex wp-container-core-columns-is-layout-1 wp-block-columns-is-layout-flex\">\n<div class=\"wp-block-column is-layout-flow wp-block-column-is-layout-flow\" style=\"flex-basis:40%\">\n\n\n<section id=\"res-txt-block_b03c4827a6d8619b16b73d945e8b02cb\" class=\"res-block res-txt style-standard layout01 py-2 Transparent\" style=\"background: transparent;\">\n  <div class=\"inner-container container-off \" data-aos=\"res-fadeIn\">\n \n\t\t  \n\t\t \t  \n      \n      <div class=\"layout-1 txt-section\">\n\t\t<div class=\"row\">\t\n\t\t\t\n\t\t\n\t\t\t<div class=\"col-md-11 var-1spalten text-left\">\n\t\t\t\t\n\t\t\t\t<div class=\"txt-title-field\">\n\t\n\t\t\t\t\t\n\t\t\n\t\t\t\t\n\t\t\t\t\t\n\t\t\t\t\t \n\t\t\t\t\t<\/div>\n\n\t\t\t\t\t\t\t\t\t<div class=\"txt-textfield postContent pt-md-2 \">\n                        <p>Mit dem Berufsbildungscampus Ostschweiz in Sulgen soll ein nachhaltiges, zukunftsf\u00e4higes Geb\u00e4ude entstehen, in dem R\u00e4ume f\u00fcr Kurse von verschiedenen Berufen und Branchen zusammengefasst werden. Ein einfach konturiertes Bauvolumen, funktional gegliedert und tektonisch gestaltet, verk\u00f6rpert die Idee einer robusten und flexibel nutzbaren Grundstruktur.<\/p>\n\t\t\t\t\t<\/div>\n                \n                \n\t\t\t\t\t            <\/div>\n\t\t\t\t <\/div> \t\n\t\t<\/div>\n\t \n\t  \n \n \n\t<\/div>\n<\/section>\n\n<\/div>\n\n\n\n<div class=\"wp-block-column is-layout-flow wp-block-column-is-layout-flow\">\n<section id=\"res-table-block_ebd22e1dc0aa613f86011466fc95dc63\" class=\"res-block res-table style-standard py-2 Transparent\" style=\"background: transparent;\">\n  <div class=\"inner-container container-off\" data-aos=\"res-fadeIn\">\n\n\t\t  \n\t \n\t  \n   <div class=\"layout-01 row row-cols-1 row-cols-md-2 no-gutters \">\n\n   <!--   Table Row  -->\n     \t \t  \n\t\t\t\t   <div class=\"col\">\n\t\t    <div class=\"table-spalte table-design-custom table-space-custom\">\n\t\t\t   <p>Erstellung<\/p>\n\t\t\t<\/div> \n\t\t  <\/div>\n\t\t\t\n\t  \n           \t  \n\t\t\t\t   <div class=\"col\">\n\t\t    <div class=\"table-spalte table-design-custom table-space-custom\">\n\t\t\t   <p>in Planung<\/p>\n\t\t\t<\/div> \n\t\t  <\/div>\n\t\t\t\n\t  \n           \t  \n\t\t\t\t   <div class=\"col\">\n\t\t    <div class=\"table-spalte table-design-custom table-space-custom\">\n\t\t\t   <p>Ort<\/p>\n\t\t\t<\/div> \n\t\t  <\/div>\n\t\t\t\n\t  \n           \t  \n\t\t\t\t   <div class=\"col\">\n\t\t    <div class=\"table-spalte table-design-custom table-space-custom\">\n\t\t\t   <p>CH-8583 Sulgen (TG)<\/p>\n\t\t\t<\/div> \n\t\t  <\/div>\n\t\t\t\n\t  \n           \t  \n\t\t\t\t   <div class=\"col\">\n\t\t    <div class=\"table-spalte table-design-custom table-space-custom\">\n\t\t\t   <p>Fachgebiete<\/p>\n\t\t\t<\/div> \n\t\t  <\/div>\n\t\t\t\n\t  \n           \t  \n\t\t\t\t   <div class=\"col\">\n\t\t    <div class=\"table-spalte table-design-custom table-space-custom\">\n\t\t\t   <p>Energienachweis, Schallschutznachweis<\/p>\n\t\t\t<\/div> \n\t\t  <\/div>\n\t\t\t\n\t  \n           \t  \n\t\t\t\t   <div class=\"col\">\n\t\t    <div class=\"table-spalte table-design-custom table-space-custom\">\n\t\t\t   <p>Architekt<\/p>\n\t\t\t<\/div> \n\t\t  <\/div>\n\t\t\t\n\t  \n           \t  \n\t\t\t\t   <div class=\"col\">\n\t\t    <div class=\"table-spalte table-design-custom table-space-custom\">\n\t\t\t   <p><a href=\"https:\/\/www.wulfarchitekten.com\/\" target=\"_blank\" rel=\"noopener\">wulf architekten gmbh, Stuttgart, Zweigniederlassung Basel<\/a><\/p>\n\t\t\t<\/div> \n\t\t  <\/div>\n\t\t\t\n\t  \n                \t  <\/div> \n\n\t\n\t  \n\t<\/div>\n<\/section>\n\n<\/div>\n<\/div>\n\n\n\n<figure class=\"wp-block-gallery has-nested-images columns-default is-cropped wp-block-gallery-1 is-layout-flex wp-block-gallery-is-layout-flex\">\n<figure class=\"wp-block-image size-full\"><a href=\"https:\/\/www.soundtherm.ch\/wp-content\/uploads\/2024\/09\/csm_WB-Bildungszentrum_Sulgen_view_workshop_web_9d60d2bd82.jpg\"><img loading=\"lazy\" decoding=\"async\" width=\"2400\" height=\"1650\" data-id=\"4702\" src=\"https:\/\/www.soundtherm.ch\/wp-content\/uploads\/2024\/09\/csm_WB-Bildungszentrum_Sulgen_view_workshop_web_9d60d2bd82.jpg\" alt=\"\" class=\"wp-image-4702\" srcset=\"https:\/\/www.soundtherm.ch\/wp-content\/uploads\/2024\/09\/csm_WB-Bildungszentrum_Sulgen_view_workshop_web_9d60d2bd82.jpg 2400w, https:\/\/www.soundtherm.ch\/wp-content\/uploads\/2024\/09\/csm_WB-Bildungszentrum_Sulgen_view_workshop_web_9d60d2bd82-600x413.jpg 600w, https:\/\/www.soundtherm.ch\/wp-content\/uploads\/2024\/09\/csm_WB-Bildungszentrum_Sulgen_view_workshop_web_9d60d2bd82-1300x894.jpg 1300w, https:\/\/www.soundtherm.ch\/wp-content\/uploads\/2024\/09\/csm_WB-Bildungszentrum_Sulgen_view_workshop_web_9d60d2bd82-768x528.jpg 768w, https:\/\/www.soundtherm.ch\/wp-content\/uploads\/2024\/09\/csm_WB-Bildungszentrum_Sulgen_view_workshop_web_9d60d2bd82-1536x1056.jpg 1536w, https:\/\/www.soundtherm.ch\/wp-content\/uploads\/2024\/09\/csm_WB-Bildungszentrum_Sulgen_view_workshop_web_9d60d2bd82-2048x1408.jpg 2048w\" sizes=\"(max-width: 2400px) 100vw, 2400px\" \/><\/a><\/figure>\n\n\n\n<figure class=\"wp-block-image size-full\"><a href=\"https:\/\/www.soundtherm.ch\/wp-content\/uploads\/2024\/09\/csm_WB-Bildungszentrum_Sulgen_lageplan_web_pdf_3820372e30.jpg\"><img loading=\"lazy\" decoding=\"async\" width=\"2400\" height=\"1650\" data-id=\"4701\" src=\"https:\/\/www.soundtherm.ch\/wp-content\/uploads\/2024\/09\/csm_WB-Bildungszentrum_Sulgen_lageplan_web_pdf_3820372e30.jpg\" alt=\"\" class=\"wp-image-4701\" srcset=\"https:\/\/www.soundtherm.ch\/wp-content\/uploads\/2024\/09\/csm_WB-Bildungszentrum_Sulgen_lageplan_web_pdf_3820372e30.jpg 2400w, https:\/\/www.soundtherm.ch\/wp-content\/uploads\/2024\/09\/csm_WB-Bildungszentrum_Sulgen_lageplan_web_pdf_3820372e30-600x413.jpg 600w, https:\/\/www.soundtherm.ch\/wp-content\/uploads\/2024\/09\/csm_WB-Bildungszentrum_Sulgen_lageplan_web_pdf_3820372e30-1300x894.jpg 1300w, https:\/\/www.soundtherm.ch\/wp-content\/uploads\/2024\/09\/csm_WB-Bildungszentrum_Sulgen_lageplan_web_pdf_3820372e30-768x528.jpg 768w, https:\/\/www.soundtherm.ch\/wp-content\/uploads\/2024\/09\/csm_WB-Bildungszentrum_Sulgen_lageplan_web_pdf_3820372e30-1536x1056.jpg 1536w, https:\/\/www.soundtherm.ch\/wp-content\/uploads\/2024\/09\/csm_WB-Bildungszentrum_Sulgen_lageplan_web_pdf_3820372e30-2048x1408.jpg 2048w\" sizes=\"(max-width: 2400px) 100vw, 2400px\" \/><\/a><\/figure>\n\n\n\n<figure class=\"wp-block-image size-full\"><a href=\"https:\/\/www.soundtherm.ch\/wp-content\/uploads\/2024\/09\/csm_WB-Bildungszentrum_Sulgen_eg_web_02pdf_012fec6d5e.jpg\"><img loading=\"lazy\" decoding=\"async\" width=\"2400\" height=\"1650\" data-id=\"4700\" src=\"https:\/\/www.soundtherm.ch\/wp-content\/uploads\/2024\/09\/csm_WB-Bildungszentrum_Sulgen_eg_web_02pdf_012fec6d5e.jpg\" alt=\"\" class=\"wp-image-4700\" srcset=\"https:\/\/www.soundtherm.ch\/wp-content\/uploads\/2024\/09\/csm_WB-Bildungszentrum_Sulgen_eg_web_02pdf_012fec6d5e.jpg 2400w, https:\/\/www.soundtherm.ch\/wp-content\/uploads\/2024\/09\/csm_WB-Bildungszentrum_Sulgen_eg_web_02pdf_012fec6d5e-600x413.jpg 600w, https:\/\/www.soundtherm.ch\/wp-content\/uploads\/2024\/09\/csm_WB-Bildungszentrum_Sulgen_eg_web_02pdf_012fec6d5e-1300x894.jpg 1300w, https:\/\/www.soundtherm.ch\/wp-content\/uploads\/2024\/09\/csm_WB-Bildungszentrum_Sulgen_eg_web_02pdf_012fec6d5e-768x528.jpg 768w, https:\/\/www.soundtherm.ch\/wp-content\/uploads\/2024\/09\/csm_WB-Bildungszentrum_Sulgen_eg_web_02pdf_012fec6d5e-1536x1056.jpg 1536w, https:\/\/www.soundtherm.ch\/wp-content\/uploads\/2024\/09\/csm_WB-Bildungszentrum_Sulgen_eg_web_02pdf_012fec6d5e-2048x1408.jpg 2048w\" sizes=\"(max-width: 2400px) 100vw, 2400px\" \/><\/a><\/figure>\n<\/figure>\n","protected":false},"excerpt":{"rendered":"","protected":false},"featured_media":5095,"template":"","Kategorie":[12],"class_list":["post-5091","referenzen","type-referenzen","status-publish","has-post-thumbnail","hentry","Kategorie-schulhaeuser-sportanlagen-und-mehrzweckhallen"],"acf":[],"_links":{"self":[{"href":"https:\/\/www.soundtherm.ch\/en\/wp-json\/wp\/v2\/referenzen\/5091"}],"collection":[{"href":"https:\/\/www.soundtherm.ch\/en\/wp-json\/wp\/v2\/referenzen"}],"about":[{"href":"https:\/\/www.soundtherm.ch\/en\/wp-json\/wp\/v2\/types\/referenzen"}],"wp:featuredmedia":[{"embeddable":true,"href":"https:\/\/www.soundtherm.ch\/en\/wp-json\/wp\/v2\/media\/5095"}],"wp:attachment":[{"href":"https:\/\/www.soundtherm.ch\/en\/wp-json\/wp\/v2\/media?parent=5091"}],"wp:term":[{"taxonomy":"Kategorie","embeddable":true,"href":"https:\/\/www.soundtherm.ch\/en\/wp-json\/wp\/v2\/Kategorie?post=5091"}],"curies":[{"name":"wp","href":"https:\/\/api.w.org\/{rel}","templated":true}]}}

<section id="res-link-anker-block_cb20373a3691cd2b3c79190fe13fed59" class="linkanker-section">
<div  class="res-block res-link-anker style-standard py-2 Transparent " style="background: transparent;">
  <div class="inner-container container-off" data-aos="res-fadeIn">
	
		<hr  >
		
	  

	</div>
  </div>
</section>


<div class="wp-block-columns is-layout-flex wp-container-core-columns-is-layout-1 wp-block-columns-is-layout-flex">
<div class="wp-block-column is-layout-flow wp-block-column-is-layout-flow" style="flex-basis:40%">


<section id="res-txt-block_b03c4827a6d8619b16b73d945e8b02cb" class="res-block res-txt style-standard layout01 py-2 Transparent" style="background: transparent;">
  <div class="inner-container container-off " data-aos="res-fadeIn">
 
		  
		 	  
      
      <div class="layout-1 txt-section">
		<div class="row">	
			
		
			<div class="col-md-11 var-1spalten text-left">
				
				<div class="txt-title-field">
	
					
		
				
					
					 
					</div>

									<div class="txt-textfield postContent pt-md-2 ">
                        <p>Mit dem Berufsbildungscampus Ostschweiz in Sulgen soll ein nachhaltiges, zukunftsfähiges Gebäude entstehen, in dem Räume für Kurse von verschiedenen Berufen und Branchen zusammengefasst werden. Ein einfach konturiertes Bauvolumen, funktional gegliedert und tektonisch gestaltet, verkörpert die Idee einer robusten und flexibel nutzbaren Grundstruktur.</p>
					</div>
                
                
					            </div>
				 </div> 	
		</div>
	 
	  
 
 
	</div>
</section>

</div>



<div class="wp-block-column is-layout-flow wp-block-column-is-layout-flow">
<section id="res-table-block_ebd22e1dc0aa613f86011466fc95dc63" class="res-block res-table style-standard py-2 Transparent" style="background: transparent;">
  <div class="inner-container container-off" data-aos="res-fadeIn">

		  
	 
	  
   <div class="layout-01 row row-cols-1 row-cols-md-2 no-gutters ">

   <!--   Table Row  -->
     	 	  
				   <div class="col">
		    <div class="table-spalte table-design-custom table-space-custom">
			   <p>Erstellung</p>
			</div> 
		  </div>
			
	  
           	  
				   <div class="col">
		    <div class="table-spalte table-design-custom table-space-custom">
			   <p>in Planung</p>
			</div> 
		  </div>
			
	  
           	  
				   <div class="col">
		    <div class="table-spalte table-design-custom table-space-custom">
			   <p>Ort</p>
			</div> 
		  </div>
			
	  
           	  
				   <div class="col">
		    <div class="table-spalte table-design-custom table-space-custom">
			   <p>CH-8583 Sulgen (TG)</p>
			</div> 
		  </div>
			
	  
           	  
				   <div class="col">
		    <div class="table-spalte table-design-custom table-space-custom">
			   <p>Fachgebiete</p>
			</div> 
		  </div>
			
	  
           	  
				   <div class="col">
		    <div class="table-spalte table-design-custom table-space-custom">
			   <p>Energienachweis, Schallschutznachweis</p>
			</div> 
		  </div>
			
	  
           	  
				   <div class="col">
		    <div class="table-spalte table-design-custom table-space-custom">
			   <p>Architekt</p>
			</div> 
		  </div>
			
	  
           	  
				   <div class="col">
		    <div class="table-spalte table-design-custom table-space-custom">
			   <p><a href="https://www.wulfarchitekten.com/" target="_blank" rel="noopener">wulf architekten gmbh, Stuttgart, Zweigniederlassung Basel</a></p>
			</div> 
		  </div>
			
	  
                	  </div> 

	
	  
	</div>
</section>

</div>
</div>



<figure class="wp-block-gallery has-nested-images columns-default is-cropped wp-block-gallery-1 is-layout-flex wp-block-gallery-is-layout-flex">
<figure class="wp-block-image size-full"><a href="https://www.soundtherm.ch/wp-content/uploads/2024/09/csm_WB-Bildungszentrum_Sulgen_view_workshop_web_9d60d2bd82.jpg"><img loading="lazy" decoding="async" width="2400" height="1650" data-id="4702" src="https://www.soundtherm.ch/wp-content/uploads/2024/09/csm_WB-Bildungszentrum_Sulgen_view_workshop_web_9d60d2bd82.jpg" alt="" class="wp-image-4702" srcset="https://www.soundtherm.ch/wp-content/uploads/2024/09/csm_WB-Bildungszentrum_Sulgen_view_workshop_web_9d60d2bd82.jpg 2400w, https://www.soundtherm.ch/wp-content/uploads/2024/09/csm_WB-Bildungszentrum_Sulgen_view_workshop_web_9d60d2bd82-600x413.jpg 600w, https://www.soundtherm.ch/wp-content/uploads/2024/09/csm_WB-Bildungszentrum_Sulgen_view_workshop_web_9d60d2bd82-1300x894.jpg 1300w, https://www.soundtherm.ch/wp-content/uploads/2024/09/csm_WB-Bildungszentrum_Sulgen_view_workshop_web_9d60d2bd82-768x528.jpg 768w, https://www.soundtherm.ch/wp-content/uploads/2024/09/csm_WB-Bildungszentrum_Sulgen_view_workshop_web_9d60d2bd82-1536x1056.jpg 1536w, https://www.soundtherm.ch/wp-content/uploads/2024/09/csm_WB-Bildungszentrum_Sulgen_view_workshop_web_9d60d2bd82-2048x1408.jpg 2048w" sizes="(max-width: 2400px) 100vw, 2400px" /></a></figure>



<figure class="wp-block-image size-full"><a href="https://www.soundtherm.ch/wp-content/uploads/2024/09/csm_WB-Bildungszentrum_Sulgen_lageplan_web_pdf_3820372e30.jpg"><img loading="lazy" decoding="async" width="2400" height="1650" data-id="4701" src="https://www.soundtherm.ch/wp-content/uploads/2024/09/csm_WB-Bildungszentrum_Sulgen_lageplan_web_pdf_3820372e30.jpg" alt="" class="wp-image-4701" srcset="https://www.soundtherm.ch/wp-content/uploads/2024/09/csm_WB-Bildungszentrum_Sulgen_lageplan_web_pdf_3820372e30.jpg 2400w, https://www.soundtherm.ch/wp-content/uploads/2024/09/csm_WB-Bildungszentrum_Sulgen_lageplan_web_pdf_3820372e30-600x413.jpg 600w, https://www.soundtherm.ch/wp-content/uploads/2024/09/csm_WB-Bildungszentrum_Sulgen_lageplan_web_pdf_3820372e30-1300x894.jpg 1300w, https://www.soundtherm.ch/wp-content/uploads/2024/09/csm_WB-Bildungszentrum_Sulgen_lageplan_web_pdf_3820372e30-768x528.jpg 768w, https://www.soundtherm.ch/wp-content/uploads/2024/09/csm_WB-Bildungszentrum_Sulgen_lageplan_web_pdf_3820372e30-1536x1056.jpg 1536w, https://www.soundtherm.ch/wp-content/uploads/2024/09/csm_WB-Bildungszentrum_Sulgen_lageplan_web_pdf_3820372e30-2048x1408.jpg 2048w" sizes="(max-width: 2400px) 100vw, 2400px" /></a></figure>



<figure class="wp-block-image size-full"><a href="https://www.soundtherm.ch/wp-content/uploads/2024/09/csm_WB-Bildungszentrum_Sulgen_eg_web_02pdf_012fec6d5e.jpg"><img loading="lazy" decoding="async" width="2400" height="1650" data-id="4700" src="https://www.soundtherm.ch/wp-content/uploads/2024/09/csm_WB-Bildungszentrum_Sulgen_eg_web_02pdf_012fec6d5e.jpg" alt="" class="wp-image-4700" srcset="https://www.soundtherm.ch/wp-content/uploads/2024/09/csm_WB-Bildungszentrum_Sulgen_eg_web_02pdf_012fec6d5e.jpg 2400w, https://www.soundtherm.ch/wp-content/uploads/2024/09/csm_WB-Bildungszentrum_Sulgen_eg_web_02pdf_012fec6d5e-600x413.jpg 600w, https://www.soundtherm.ch/wp-content/uploads/2024/09/csm_WB-Bildungszentrum_Sulgen_eg_web_02pdf_012fec6d5e-1300x894.jpg 1300w, https://www.soundtherm.ch/wp-content/uploads/2024/09/csm_WB-Bildungszentrum_Sulgen_eg_web_02pdf_012fec6d5e-768x528.jpg 768w, https://www.soundtherm.ch/wp-content/uploads/2024/09/csm_WB-Bildungszentrum_Sulgen_eg_web_02pdf_012fec6d5e-1536x1056.jpg 1536w, https://www.soundtherm.ch/wp-content/uploads/2024/09/csm_WB-Bildungszentrum_Sulgen_eg_web_02pdf_012fec6d5e-2048x1408.jpg 2048w" sizes="(max-width: 2400px) 100vw, 2400px" /></a></figure>
</figure>
